r?
False
Is 3088963 a prime number?
False
Is 18876499 prime?
True
Is 165953207 prime?
False
Is 1685969 composite?
True
Is 23396113 a prime number?
False
Is 26941097 prime?
False
Is 9182387 a prime number?
True
Is 18303854 composite?
True
Is 1124432687 a prime number?
False
Is 33541154 composite?
True
Is 83623789 a prime number?
True
Is 536611 prime?
False
Is 156149155 prime?
False
Is 177163111 a composite number?
True
Is 13867071 a composite number?
True
Is 3328541 a composite number?
False
Is 334063 a prime number?
False
Is 43468487 prime?
False
Is 255743426 prime?
False
Is 7349839 composite?
True
Is 7482113 a prime number?
True
Is 33837821 composite?
False
Is 87160483 a composite number?
True
Is 4479739 prime?
False
Is 6688547 a prime number?
False
Is 86735741 a prime number?
False
Is 287977241 prime?
False
Is 15748319 composite?
False
Is 78511141 a composite number?
True
Is 62411353 a composite number?
False
Is 10356653 a composite number?
True
Is 4694041 a composite number?
True
Is 86753257 a composite number?
False
Is 356407 a prime number?
False
Is 8166931 prime?
False
Is 16566019 a prime number?
True
Is 6959861 a composite number?
False
Is 303886213 a composite number?
False
Is 13502149 composite?
True
Is 29814927 prime?
False
Is 13042157 a prime number?
True
Is 59449751 a composite number?
False
Is 12816781 a composite number?
True
Is 19199351 a prime number?
True
Is 2812801 prime?
True
Is 19017403 composite?
False
Is 1304129 a composite number?
False
Is 45185183 composite?
False
Is 621931 composite?
True
Is 227869727 composite?
False
Is 195206461 composite?
True
Is 5152067 composite?
True
Is 21452969 a prime number?
False
Is 136291331 a prime number?
False
Is 3719519 prime?
True
Is 2770033 a composite number?
True
Is 198229 prime?
False
Is 118194449 composite?
False
Is 2113451 a composite number?
False
Is 6483023 a composite number?
True
Is 2011879 a prime number?
False
Is 12163073 a prime number?
False
Is 17828101 a composite number?
True
Is 13146173 a prime number?
False
Is 433836302 a composite number?
True
Is 21800453 prime?
True
Is 539663 a prime number?
True
Is 2989799 composite?
False
Is 1714049 prime?
True
Is 4557557 a composite number?
False
Is 3112381 composite?
False
Is 441713 a prime number?
True
Is 10855787 composite?
False
Is 1339793207 composite?
False
Is 288638859 prime?
False
Is 43077943 a composite number?
False
Is 61954729 a composite number?
False
Is 5191909 composite?
False
Is 15123043 a composite number?
True
Is 983659 a prime number?
True
Is 8178679 a prime number?
False
Is 145930831 a prime number?
False
Is 1205041 prime?
False
Is 25236667 a prime number?
True
Is 20898193 a composite number?
False
Is 227538265 composite?
True
Is 116164297 a composite number?
True
Is 70013 a composite number?
True
Is 2367479 a composite number?
True
Is 1438876303 a prime number?
True
Is 26672069 a prime number?
True
Is 291003839 prime?
False
Is 3806377 prime?
False
Is 363829 composite?
False
Is 924893 composite?
True
Is 384718559 composite?
False
Is 16806173 a composite number?
False
Is 281887 composite?
False
Is 39865801 composite?
False
Is 114007037 composite?
False
Is 1153967 a composite number?
False
Is 139398191 prime?
True
Is 758267 composite?
False
Is 13831949 a prime number?
False
Is 4687253 a prime number?
False
Is 13980079 a prime number?
False
Is 20348819 a composite number?
False
Is 27241823 a composite number?
True
Is 4718629 prime?
False
Is 463826861 composite?
True
Is 284667281 a prime number?
True
Is 2516057 composite?
False
Is 1548467 prime?
False
Is 4501153 a composite number?
False
Is 102131917 a prime number?
True
Is 3629141 a composite number?
False
Is 2115371 a prime number?
True
Is 6384451 a prime number?
False
Is 5928919 prime?
True
Is 5433157 a prime number?
True
Is 5588171 composite?
False
Is 6346381 prime?
True
Is 20872913 composite?
False
Is 2684333 prime?
True
Is 29744213 prime?
True
Is 147621839 composite?
True
Is 315244099 a composite number?
True
Is 4924753 a composite number?
True
Is 2478101 a prime number?
True
Is 11110091 a prime number?
True
Is 785575023 composite?
True
Is 67815497 composite?
False
Is 82518951 a prime number?
False
Is 223554161 composite?
False
Is 3420467 composite?
True
Is 3488467 a prime number?
False
Is 13622201 a prime number?
False
Is 66687953 composite?
False
Is 29675293 a composite number?
False
Is 1005923 a prime number?
False
Is 425359 a prime number?
False
Is 6285137 composite?
False
Is 11549933 prime?
False
Is 37106219 a prime number?
True
Is 958231 a prime number?
False
Is 173991451 composite?
True
Is 2457249607 prime?
True
Is 111260809 a composite number?
True
Is 604240939 prime?
False
Is 28834831 prime?
True
Is 33152921 a composite number?
False
Is 7017239 prime?
True
Is 21294667 composite?
True
Is 30084785 a prime number?
False
Is 87236849 a prime number?
False
Is 1250801 composite?
False
Is 35925139 composite?
True
Is 54242347 a prime number?
False
Is 9894721 prime?
True
Is 2893897 a prime number?
True
Is 21004969 a prime number?
False
Is 142133713 prime?
False
Is 793710793 a prime number?
True
Is 604309 a composite number?
False
Is 64999349 prime?
False
Is 115683163 a composite number?
False
Is 13453631 composite?
False
Is 179419 composite?
True
Is 31825303 prime?
True
Is 67154011 a composite number?
True
Is 107689931 composite?
True
Is 92539631 a prime number?
True
Is 14094061 a prime number?
True
Is 3189673 a prime number?
True
Is 28412899 composite?
True
Is 459572093 prime?
False
Is 49939917 a prime number?
False
Is 801661109 composite?
True
Is 1638166 a prime number?
False
Is 3602983 composite?
False
Is 3564049 prime?
True
Is 298663 prime?
False
Is 32636641 prime?
False
Is 1997267 a composite number?
False
Is 372487 composite?
True
Is 82693379 a composite number?
False
Is 78200533 composite?
False
Is 2365859 a composite number?
False
Is 14145181 composite?
False
Is 16511773 composite?
False
Is 262764286 composite?
True
Is 684365257 composite?
True
Is 1009591 prime?
False
Is 43702909 composite?
True
Is 1451633 a composite number?
False
Is 1140431 a composite number?
False
Is 10971791 prime?
True
Is 541027 composite?
False
Is 2451829 a composite number?
True
Is 255802523 a prime number?
True
Is 10053739 a composite number?
False
Is 1730959 a prime number?
True
Is 294147473 prime?
True
Is 531281 a prime number?
True
Is 111656549 composite?
False
Is 3764419 a prime number?
False
Is 1544232911 a composite number?
True
Is 3013783 prime?
True
Is 9166591 a composite number?
True
Is 36115201 a composite number?
True
Is 2986637 prime?
True
Is 55577273 a composite number?
False
Is 3750953 prime?
True
Is 98075389 a prime number?
False
Is 76615649 prime?
False
Is 134227927 a composite number?
False
Is 223373813 composite?
True
Is 1458971 a composite number?
False
Is 21106321 composite?
True
Is 3312539 prime?
True
Is 28458359 a composite number?
True
Is 51239639 a composite number?
True
Is 10703107 prime?
True
Is 45983242 a composite number?
True
Is 604277 a prime number?
True
Is 37924657 composite?
False
Is 9301319 composite?
True
Is 225469093 a composite number?
False
Is 22143547 a composite number?
False
Is 29391665 composite?
True
Is 172456183 a composite number?
True
Is 24439777 a composite number?
True
Is 8004277 a composite number?
False
Is 312406795 a composite number?
True
Is 97810981 a prime number?
True
Is 1596767 a composite number?
False
Is 39901679 prime?
True
Is 144868813 a composite number?
False
Is 28380479 a prime number?
True
Is 251361991 a prime number?
False
Is 95348371 prime?
False
Is 734869 prime?
True
Is 230832241 prime?
True
Is 87799483 prime?
False
Is 20867974 prime?
False
Is 26297821 a prime number?
False
Is 758551 a composite number?
False
Is 2885191 a composite number?
False
Is 23369933 a prime number?
True
Is 556926277 a composite number?
False
Is 351151 composite?
False
Is 3118289 prime?
True
Is 121600717 a composite number?
True
Is 8859313 a prime number?
False
Is 19829419 a prime number?
False
Is 3577883 composite?
True
Is 42294383 a prime number?
False
Is 1196891 prime?
True
Is 13677889 a composite number?
True
Is 12514807 composite?
False
Is 35933669 prime?
True
Is 10231649 a prime number?
True
Is 17403527 prime?
True
Is 20240963 